 What is v(a)?
-14
Let j = -9 - -5. Let q(k) be the first derivative of -k**4/12 - k**3/2 + k**2 - 1. Let z(n) be the second derivative of q(n). Give z(j).
5
Let l(j) = 3 - 2 + 3*j + 0 + j**2 + 0*j**2. What is l(-4)?
5
Let p(y) = y. Let n = 15 - 21. Let j be (n/4)/(6/(-16)). Let r be 6/(-8)*1*j. Give p(r).
-3
Let n(u) = -8*u**3 + 7*u**3 - 2*u - 4*u**2 + 7 - 4. Give n(-3).
0
Let u(y) = 1. Let l(w) = 5*w + 1. Let v(a) = -l(a) - u(a). What is v(2)?
-12
Let p be ((-3)/(-1))/(-3) - 3. Let w(s) = -s**3 - 5*s**2 - 5*s - 2. Give w(p).
2
Let j(c) be the second derivative of c**5/20 + 7*c**4/12 + c**3/6 + 5*c**2/2 - 10*c. Calculate j(-7).
-2
Let j = -64 + 62. Let p(n) = -2*n - 1. Give p(j).
3
Let q(a) = -a - 3. Let f be 40/7 - (-22)/77. Give q(f).
-9
Suppose 0 = -7*l + 3*l - 16. Let j(q) be the third derivative of -q**5/60 - q**4/8 - q**3/3 + q**2. Let y(c) be the first derivative of j(c). Determine y(l).
5
Suppose 9*r - 24 = 5*r. Let l be (-3)/(r*4/(-16)). Let f(u) = u**2 - 3*u - 1. What is f(l)?
-3
Let b(y) = -5*y + y - y - 2. Let i be (3 + -4)*(1 - 2). Let k be (-4)/i*(-2)/(-4). Calculate b(k).
8
Let k(y) = y**3 + 4*y**2 - 2*y. Let q = 6 - 12. Let r(s) = s**3 + 7*s**2 + 8*s + 6. Let w be r(q). Let o = -10 - w. Determine k(o).
8
Let m(i) = 7*i + 12. Let j(c) = 8*c + 11. Let s(g) = -9*g - 11. Let y(z) = 3*j(z) + 2*s(z). Let a(t) = 5*m(t) - 6*y(t). Determine a(0).
-6
Let h = -11 - -18. Let j = 4 - h. Let q(k) = -2*k**2 - 3*k + 1. Calculate q(j).
-8
Let h be (8/1)/(-2 - -4). Let l(v) = 3*v + 0 + 4 - h*v. Let t be l(0). Let p(c) = c - 1. Calculate p(t).
3
Let j(l) = 4*l + 7. Let q(t) = -9*t - 15. Let s(p) = 2*p - 3. Let z be s(8). Let a(u) = z*j(u) + 6*q(u). Let r = 1 - -1. What is a(r)?
-3
Let y(t) = 2*t - 1. Let p = 8 - 8. Suppose -a + p*a + 5 = 0. Suppose -3*k = -r + 6*r + 10, -a*k - 2 = r. Determine y(r).
-5
Let o(k) = -5*k**3 + k**2 - k. Let n be o(1). Let s(r) = r**2 + 4*r + 2. Determine s(n).
7
Let o(x) be the second derivative of -7/6*x**3 + 1/20*x**5 + 0 - 5/2*x**2 + 1/4*x**4 + x. Suppose -18 = 3*r - 3*w, 0*r - 5*w + 18 = -2*r. Calculate o(r).
7
Let x(m) = -m**2 + 4*m - 2. Let o be (2/(-6))/(1/9). Let j be (-1 - o/(-1))/(-1). Calculate x(j).
-2
Let p(f) be the third derivative of -f**7/5040 + f**6/180 + f**5/30 + 7*f**2. Let q(z) be the third derivative of p(z). What is q(4)?
0
Let z(q) be the second derivative of q**4/12 - 7*q**3/6 + 3*q**2 + 8*q. Give z(4).
-6
Let f(d) = 2*d + 1. Let g(r) = -5*r - 3. Let j(s) = 8*f(s) + 3*g(s). Determine j(4).
3
Let d(p) = -p**2 - 6. Let y be d(0). Let b(m) = -m**2 - 8*m - 8. What is b(y)?
4
Let a(d) = -10*d + 1. Let q(n) = 11*n - 1. Let p(c) = -6*a(c) - 5*q(c). Suppose -2*t + 1 = -3*z - 3*t, -3*z - 2*t = -1. Let y be (-3 - z)*2/4. Give p(y).
-6
Let t(j) be the third derivative of -j**4/6 + j**3/6 - j**2. Let n(a) = -a**3 + a**2 - a - 1. Let u be n(-1). Let f be (u - 1) + 11/11. Give t(f).
-7
Let s(h) = h + 7. Let t be s(-5). Let u(d) = -6*d**t + 2*d + 1 + 0*d - 2*d. Suppose 2*b = -2 - 0. What is u(b)?
-5
Let v = 11 + -15. Let x be -2*(-1)/v*-2. Let s(b) = b**3 + b**2 + b + 1. Let z(f) = 3*f**2 + 5*f + 4. Let g(i) = -4*s(i) + z(i). Determine g(x).
-4
Let z(q) = -7 - 4*q**2 - 4*q + 2*q - q**3 + 4*q. What is z(-5)?
8
Let m(d) be the third derivative of d**5/120 - d**4/24 - d**3/3 - 5*d**2. Let g(o) be the first derivative of m(o). Give g(-4).
-5
Let x(d) = -d**2 - 10*d - 16. Let q be x(-7). Let r(c) be the third derivative of -c**5/60 + 7*c**4/24 - 2*c**3/3 + 2*c**2. Give r(q).
6
Let h(c) = -c**3 - 4*c**2 - 5*c - 2. Suppose 0 = -36*r + 38*r + 6. Calculate h(r).
4
Let d(p) = 5*p**3 - 7*p + 11. Let h(x) = -2*x**3 + 3*x - 5. Let i(l) = 3*d(l) + 7*h(l). Let j(z) = z**2 + 2*z. Let c be j(-2). Calculate i(c).
-2
Let g = -13 - -14. Let a(s) = 8*s + 1. Give a(g).
9
Let y = -8 - -11. Let n(o) = -2*o - 8. Let k(t) = 2*t + 7. Let h(w) = -6*k(w) - 5*n(w). Calculate h(y).
-8
Let i(v) = v**2 - 2*v - 4. Let c = -22 - -34. Let h be ((-6)/(-8))/(3/c). Suppose 9 = h*o - 2*z, -4*z + 15 = -0*o + 5*o. Give i(o).
-1
Let x(o) = -o + 5. Suppose -v = -4*d + 14 + 11, 4*d - 45 = 5*v. Give x(d).
0
Let l(v) = -v + 3*v + 12 - v - 4. Determine l(-4).
4
Let n be 0/((3 - 2) + -2). Suppose -4*v + 4*x = n, 7*x + 12 = 4*x. Let w(g) = g**2 + 2*g - 2. What is w(v)?
6
Suppose -w = w + 24. Let r = w - -11. Let l(f) = -2*f**2 - 1. Determine l(r).
-3
Let h(p) = p**2 - 5*p + 4. Suppose c + 4 = -2. Let d be -20*(2/4 + -1). Let t be (-4)/c*(d - 4). Give h(t).
0
Let c(t) = -t - 20. Let o be c(-16). Let z(n) = -n**3 - 5*n**2 - 3*n. Determine z(o).
-4
Let b(c) = 1 + 3*c**2 + c**2 - 2*c**2 + c. Let t be (-1 - -4) + (0 - 1). Let a = -3 + t. What is b(a)?
2
Let a(y) = y**3 + 3. Let h be a(0). Suppose -h - 13 = -2*b. Suppose -2*n + 2 = b. Let m(p) = -2*p - 3. What is m(n)?
3
Suppose 0 = 4*u - 4*h - 56, u + 4*h = 4 - 15. Let v(m) = m**3 - 10*m**2 + 8*m. Determine v(u).
-9
Suppose -3*x = 5*g + 20 - 48, 2*x + 8 = 2*g. Suppose 10 + 10 = -g*q. Let n(f) = -2*f + 9*f - 8*f - 2. Determine n(q).
2
Let b(d) be the third derivative of -1/6*d**3 - 8*d**2 - 1/24*d**4 + 0 + 0*d. Calculate b(4).
-5
Let f(i) = -2*i + 20*i**3 + 10*i**2 + i - 4 + 17*i**3 - 36*i**3. Determine f(-10).
6
Let l(g) = -g**2 - 7*g - 3. Let v(s) = s**3 + s**2 + s - 6. Let f be v(0). Give l(f).
3
Let k(m) = -15*m**3 - 9*m**2 + 11. Let j(x) = -7*x**3 - 4*x**2 + 5. Let q(o) = -13*j(o) + 6*k(o). Determine q(2).
1
Let f(m) = 3570*m**2 + 3 + 0 - m - 3571*m**2. Give f(3).
-9
Suppose -6 = 3*f - 27. Suppose -5*l - 3*s = -f*s + 5, 4*s = l + 17. Let i(n) be the second derivative of -n**4/12 - n**3/6 + 3*n**2/2 - 24*n. Calculate i(l).
-9
Suppose -6*k - 5*k - 77 = 0. Let q(l) = -l**3 - 6*l**2 + 7*l + 10. Give q(k).
10
Suppose 4*v - 4*z = 8, v + 2*z - 7 = -2. Suppose 3*d - 9 = v*c, d + 4*c + 3 = -c. Suppose 0 = -0*b + 2*b + d. Let r(y) = y + 1. Determine r(b).
0
Let t(c) = -3*c**2 + 26*c + 21. Let y(w) = -2*w**2 + 17*w + 14. Let n(v) = -5*t(v) + 8*y(v). Let m = -12 - -19. What is n(m)?
0
Let d(f) = -36 + 74 - f - 40. Calculate d(-5).
3
Let z be ((-18)/8)/((-2)/(-8)). Let g = z - -7. Let c(b) = -b**3 - b**2 - 2*b - 3. Determine c(g).
5
Let b(p) be the third derivative of -p**4/4 + p**3/2 + 9*p**2. Let k = -6 - -8. Determine b(k).
-9
Let f = -15 + 15. Let m(x) = 3*x + 1 + f - 1 - 4 - x**2. Calculate m(3).
-4
Let j(k) = 2*k - 3. Let n(h) = h**2 + h - 1. Let g be n(-3). Suppose 0 = 3*s + g*t + 4, -4*s - 2 = 3*t + 2*t. Let d be s*((-3)/(-6) - -1). Determine j(d).
3
Let z(m) be the first derivative of m**2 + 5*m + 0*m**2 + 5 - 3 + m. Give z(-5).
-4
Let t(u) = -u**2 + u. Let n(c) = -c**3 - 2*c**2 - 4*c. Let j(x) = n(x) + t(x). Calculate j(-2).
2
Let r(j) = 3*j - 4*j + 23 - 10. Determine r(9).
4
Let p(l) = l. Let m be (-4)/(-12) + (-2)/6. Let t be p(m). Let a(o) = t*o - 4*o - o**3 + 4*o**2 + 5*o + o**2. Calculate a(5).
5
Let v(h) = 29*h - 14. Let l(b) = -10*b + 5. Let d(c) = 17*l(c) + 6*v(c). Let x be 0 + (8/(-4) - -3). Determine d(x).
5
Let c(a) = 3*a**2 + 3*a**2 - a + 3*a**2. Determine c(1).
8
Let h = 10 + -11. Let m = 0 + h. Let g(f) = -10*f**2 + 2*f + 1. Give g(m).
-11
Let z(i) = -i**2 - 4*i + 4. Suppose 0*a = -2*a. Suppose p + 1 + 2 = a. Calculate z(p).
7
Let l(d) = d**3 - 7*d**2 - 6*d + 3. Let w(h) = h**3 - 6*h**2 - 5*h + 3. Let f(n) = -4*l(n) + 5*w(n). Let x = -2 - -5. What is f(x)?
9
Let b(t) = 4*t**2 - 2*t - 1. Let z(j) = j**2 + j. Let c(y) = -b(y) + 3*z(y). Let d(x) = x - 1. Let l be d(1). Suppose w - 4 = -l*w. Give c(w).
5
Let w(x) = x**2 - x + 9. Suppose 4*r = 3*k - 32, -31 = 3*r - 4*k - 0*k. Let d(h) = -h**2 - 8. Let y(s) = r*d(s) - 4*w(s). Determine y(-4).
4
Let l(i) = -2*i**2 + 9*i - 1. Let z(u) = -u**2 + 4*u. Let g(p) = 2*l(p) - 5*z(p). Determine g(4).
6
Let p(i) = -5*i + 2. Let n = 5 - 3. What is p(n)?
-8
Let q(x) = 2*x**2 - 4*x + 2. Let z be q(2). Let k be 3/(5 + -2) - -1. Let y(h) = -6*h + h + k*h. Give y(z).
-6
Let t(n) = n**3 + n - 1. Let w(a) = -6*a**3 - 5*a**2 - 9*a + 2. Let x(h) = 5*t(h) + w(h). Determine x(-4).
-3
Let c(k) = -2*k - 12. Suppose 8*h - 3*h + 45 = 0. Calculate c(h).
6
Let d(t) = -3*t + 5. Let v be d(5). Let g = 9 + v. Let i(r) = r**3 - r**2 + 1. Calculate i(g).
-1
Let o(i) = -i**3 - 2*i**2 - 3*i + 12. Let y(g) = -g**2 + g - 1. Let p(f) = -o(f) - 4*y(f). Calculate p(-6).
-2
Let c = 4 - 